- 3. Let x(n) = 3*n**2 + 2*n + 53. Let o(h) = 4*f(h) + x(h). What is o(17)?
-10
Suppose 3*d + 9 = 0, 5*f + d + 26 - 38 = 0. Suppose 0 = -2*z + 5*o - 5, 4*z + 2 = -f*o + 5*o. Let a(j) = -6*j + j - 2 + j**2 + 4*j. Determine a(z).
-2
Let x(t) = 10 + 12 + 14362*t - 28691*t + 14330*t. Give x(-31).
-9
Let l(w) = -7*w. Let x be l(-1). Let o(z) be the third derivative of z**5/60 - 3*z**4/8 - 4*z**3/3 - 2*z**2 - 208*z + 2. Determine o(x).
-22
Let o(s) = s**2 + 10*s - 4. Let r(l) = 2*l**3 + 6*l**2 - 4*l + 4. Suppose -24*h - 4 = -23*h. Let t be r(h). What is o(t)?
20
Let a(l) = -3*l + 219. Let n be a(21). Let q(d) = 5 + 161*d + n*d - 318*d. Determine q(4).
1
Let c(u) = -u**3 + 6*u**2 - 4*u - 20. Let i be c(6). Let k be 212/i - 6/33 - -11. Let s(g) = -g**3 + 6*g**2 + 2*g + 2. What is s(k)?
14
Let r(g) = 2*g**3 - 5*g - 5. Let l(f) = -4*f**3 + 9*f + 9. Let u be 1*(-17)/(-4)*(-20)/5. Let p = u - -12. Let s(v) = p*r(v) - 3*l(v). What is s(-2)?
-14
Let f = 909 + -905. Let w(d) = -d**3 + 8*d**2 - 13*d - 3. Give w(f).
9
Suppose -11*v + 24 = -3*v. Suppose v*f - 37 = 14. Let l(m) = -21*m + 10 + 55*m - 14*m - f*m. Calculate l(-7).
-11
Let p(l) be the third derivative of -l**6/120 + l**5/10 + 13*l**4/24 - 17*l**3/3 + 2*l**2 - 64*l + 4. Determine p(7).
8
Let h(o) = -13*o + 10. Let t(m) = 5*m + 30 - 15*m - 4*m - 18*m - 4*m. Let k(d) = -14*h(d) + 5*t(d). Determine k(-7).
-4
Let n(t) = -17*t**2 + 117*t + 4. Let u = 14879 - 14872. Give n(u).
-10
Let d be 156 - 139 - 57/3. Let w(a) = 2*a**3 - a**2 - 5*a + 6. Determine w(d).
-4
Let o(z) be the second derivative of -z**7/1260 + z**6/72 + z**5/120 - z**4/6 + z**3/3 - 36*z + 1. Let y(j) be the third derivative of o(j). Determine y(7).
-27
Suppose w - 14*w + 182 = 0. Suppose -j + 2*o = -w, 3*j + 3*o + 33 = 6*j. Let i(r) = r**2 - 5*r - 7. Calculate i(j).
17
Let l(m) = 6 + m**3 - 3*m**3 + m**3 - 3*m**2 + 4*m. Let w = -17922 - -17918. What is l(w)?
6
Let x(t) be the first derivative of -t**4/4 - 11*t**3/3 + 5*t**2 - 23*t + 69. Let u be x(-12). Let h(l) = -13*l**3 + l**2 - l. Give h(u).
-13
Let n(q) = q**3 + 4*q**2 - q - 1. Let y be 57*(-2)/(-42) + (-2)/(-7). Suppose -5*a + y*r = 24, 5*a + 3*r = -2*r. Calculate n(a).
11
Let z be ((-6)/(-5) - ((-156)/30)/(-1)) + 8. Let h(w) = -w**2 - 35*w + 150. What is h(z)?
-6
Suppose -296 = -207*a - 2366. Let o(f) = -9*f - 97. Determine o(a).
-7
Let p(l) = 197*l**2 - 20*l - 69*l**2 - 62*l**2 - 65*l**2 - 23. What is p(20)?
-23
Let w(m) be the second derivative of -m**5/20 - 5*m**4/12 - m**3/2 - 9*m**2 + 16*m - 19. Give w(-6).
36
Let s(m) be the first derivative of -2*m**3/3 - 21*m**2/2 + 12*m - 3274. Calculate s(-11).
1
Let r(g) = 54*g**3 - 65*g**2 - 100*g - 105. Let m(x) = 19*x**3 - 22*x**2 - 33*x - 41. Let i(d) = -17*m(d) + 6*r(d). Determine i(18).
13
Let d(v) be the second derivative of v**2 + 5/3*v**3 + 1/12*v**4 + 0 + 33*v. Calculate d(-10).
2
Let j(x) be the second derivative of -x**5/60 - 13*x**4/24 - 13*x**3/6 - 14*x**2 + x - 17. Let m(t) be the first derivative of j(t). Give m(-12).
-1
Let g(h) = 9*h**2 - h - 3. Let p(z) = 10*z**2 - 2*z - 4. Suppose 236 - 164 = 36*i. Suppose -5*d - 7 - 8 = 0. Let f(c) = d*g(c) + i*p(c). Calculate f(1).
-7
Let x(b) = 1410*b + 14 - 704*b - 708*b. Suppose -4*p = -3*p - 8. Give x(p).
-2
Let j(x) be the third derivative of x**7/2520 + x**6/240 - x**5/60 - 7*x**4/8 + 42*x**2. Let o(t) be the second derivative of j(t). Give o(-4).
2
Let a(v) = -154*v + 1518. Let n be a(10). Let t(d) = 14*d + 307. What is t(n)?
-1
Let w(l) = -l**3 + 13*l**2 - 45*l - 5. Let j = 38242 + -38235. Calculate w(j).
-26
Let a(r) = -r**3 - r**2 + 2*r - 6. Let k = -2426 - -2428. Determine a(k).
-14
Suppose 17*a + 1357 = -122. Let i = 92 + a. Suppose -i*k + 0 = -25. Let u(l) = -l**3 + 6*l**2 - 6*l - 1. Determine u(k).
-6
Let f(n) be the second derivative of -n**4/12 + n**3/3 - n**2 - n. Suppose 148 = 4*y - 2*y. Let m = y - 70. Calculate f(m).
-10
Let o(q) = -13 + q + 8 - 5*q**3 - 12*q**2 + 19 + 8*q**3 - 4*q**3. Calculate o(-12).
2
Let n(t) = 24*t - 1075. Let q(x) = 30*x - 1314. Let f(v) = 11*n(v) - 9*q(v). Let p be -3*1/(-6)*-2. Determine f(p).
7
Suppose -10 - 24 = 4*w - 2*p, -4*w = -3*p + 41. Let o(u) = -u**3 - 7*u**2 - 4*u - 3. Determine o(w).
-33
Suppose n = -4*n - 15, -j - 12 = 3*n. Let i be 6*j*(-2 - (-21)/14). Let b(m) = -m + 3. Let s be b(i). Let o(z) = -z + 7. Give o(s).
13
Let l be (284/16)/((-1)/(-4)). Let k(y) = -2*y**3 + 134*y**2 - l*y**2 - 67*y**2 + 4. Determine k(-2).
4
Let i(b) = b**2 + 11*b + 9. Suppose -10*t = -4*t - 12. Suppose 0 = 2*u + 2*q + 3 + 9, -t*u = -4*q + 36. What is i(u)?
-1
Let o(m) = -9*m**2 + 25 - 2*m - 4*m**2 + m**3 + 2. Suppose -261 - 337 = -46*z. Let k be o(z). Let r(t) = -2*t**3 - t**2 + 1. Give r(k).
-2
Let c be 27/18*(20/3 - 2). Let w(h) = -3*h + 13. Let v be w(c). Let n(x) = x + 7. Calculate n(v).
-1
Let r(b) = b**2 + 8*b - 4. Let m be (-61)/7 - 0 - ((-837)/(-63) + -13). Determine r(m).
5
Let y = -7 + 14. Suppose 2*l - 15*l = -78. Let a(q) = -2 + 8*q - 17*q**2 + 29*q**2 + 0*q**3 - l*q**2 - q**3. Give a(y).
5
Let k(p) = 7*p**2 - 7*p + 10. Let j(r) = 5*r**2 - 7*r + 9. Let c(n) = -4*j(n) + 3*k(n). Calculate c(-4).
-18
Suppose -3*v + 2*l + 4 = 0, -12*v - l = -14*v + 3. Let m(a) = -5*a + v*a + 2*a - 7 + 5. What is m(-11)?
9
Suppose -20*b + 17*b - 34 = 5*v, 2*b = 4*v + 14. Let o(l) be the first derivative of l**2/2 + 5*l - 4. Calculate o(b).
2
Let i(r) = 6*r**2 + 37337694*r**3 + 3*r**2 - 2*r + 17*r**2 + 38 - 37337695*r**3. Determine i(26).
-14
Let b(d) = -5*d**2 - 5*d - 7. Let y(x) = -4*x**2 - 4*x - 6. Let v be -21*-6*(-12)/27. Let i = v - -51. Let r(l) = i*b(l) + 6*y(l). What is r(0)?
-1
Let o(w) be the third derivative of -w**4/24 - 2*w**3/3 + 34*w**2. Let k = -1 + 3. Suppose 0 = 4*y - 2*j + 24, 2*y + 2*j = -k - 4. Calculate o(y).
1
Let i(g) be the first derivative of -g**5/120 + 13*g**4/24 - 29*g**3/3 + 56. Let s(x) be the third derivative of i(x). Determine s(7).
6
Let b(p) = -p**3 - p**2 - 3*p + 8. Let k be b(0). Let i(n) = -n**2 - 12*n - 11. Let y be i(-11). Let g(q) = -446*q - q**2 + y + 451*q + 6. What is g(k)?
-18
Let g(y) = y**2 - y - 1. Suppose 597*v = 600*v + 12. Let j(l) = 3*l**2 - 12*l - 8. Let w(c) = v*g(c) + j(c). Give w(-5).
11
Let i(y) = -20 - 4*y - 34 - 52 + 87 - 40. Give i(-15).
1
Let f(l) be the first derivative of -19*l**3/3 + l**2/2 - 4*l - 1364. Calculate f(2).
-78
Suppose 0 = -3*v + 5*v. Suppose 2*z + 0*s + 59 = s, s - 5 = v. Let l = z - -33. Let t(m) = -m**3 + 5*m**2 + 5*m. Determine t(l).
-6
Let u(a) = -a**2 - a + 1. Suppose -2*c = 3*o - 3 + 14, 2*o + c + 6 = 0. Let n be -1 + o - -1 - -3. Determine u(n).
-5
Let a(j) = -6 - j**3 - 116*j + 232*j - 115*j + 6*j**2. Let l(o) = 2*o - 28. Let v be l(17). Determine a(v).
0
Let b(x) = 15*x**3 + 46*x**2 + 29*x - 6. Let o(a) = 7*a**3 + 22*a**2 + 14*a - 3. Let l(q) = 6*b(q) - 13*o(q). Determine l(-9).
-6
Let s(r) = 69*r - 148. Let t be s(2). Let o(x) = 11*x + 8. Let m(c) = 10*c + 9. Let w(n) = -6*m(n) + 5*o(n). What is w(t)?
36
Suppose -3*j + 5*r = -50, 0 = -0*r - 2*r - 8. Let m(n) = 2*n**3 - 8*n**2 - 12*n + 3. Let c(i) = -i**3 - i**2 - i - 2. Let u(h) = -c(h) - m(h). Determine u(j).
29
Let x(s) = -4*s**2 + s - 2. Let m be (-1 + -15)/((-210)/(-55) + -4). Let u be (-220)/m*2/(-5). Give x(u).
-5
Let c be (14/(-21))/((-1)/(9/2)). Suppose -4*o - c = -11. Let a(w) = -2 - w**2 - 4*w + 8*w + 0*w**2 + 2*w**o. Calculate a(-5).
3
Let r(h) = 4*h + 4 - 3*h + 0*h. Let m = 138 + -67. Let b = 71 - m. Calculate r(b).
4
Suppose -5*o + 3*p = -27, 0 = -p - 1 - 3. Suppose -8 = -o*t - 2. Let j(i) = 4 - 7 - t*i + 1 + 6. What is j(5)?
-6
Let m = 106 + -109. Let l(q) = -q**3 + 5*q**2 + 4*q - 4. Let s(y) = 2*y**3 - 12*y**2 - 8*y + 9. Let c(v) = m*s(v) - 7*l(v). Determine c(-3).
-5
Let z(w) = -w**2 + w + 1. Let s = -2474 - -2474. Suppose -3*a - a + 28 = 0. Suppose s = 4*b + a + 5. What is z(b)?
-11
Suppose 2*o + 4 = -5*k + 3, 5*k = 5*o - 15. Let a be (-2 + 1)*5/(-5). Let r(t) = -2 + 36*t + a - 39*t. What is r(k)?
2
Let w(b) = -b**3 + 5*b**2 + 9*b - 6. Let o be 2/3 + 22/(-6) - -81. Let l = o + -41. Let z = -31 + l. What is w(z)?
12
Let d(j) = -19*j. Let w = 959 + -478. Suppose -4*s + 155 = -a, -5*a = -s + w + 218. Let k = a + 140. What is d(k)?
-19
Let c(a) = -6*a - 25 + a - 18 - 10*a - a - a**2. What is c(-13)?
-4